s digit of (53 - 15)/((-2)/(-244))?
6
Let r(q) = q**2 - 4*q + 3. Suppose -3*m = 4*v + 1, m + 6*v - 13 = 2*v. Let d be r(m). Suppose d = -0*i + 2*i. What is the tens digit of i?
4
Suppose -5*k + 30 = 2*p, -4*p - k - 9 + 33 = 0. Suppose p*q - 183 = 82. What is the tens digit of q?
5
Let h(y) = -74*y. Let d(c) = -49*c. Let q(u) = 7*d(u) - 5*h(u). Let i be q(3). Let l = i - 48. What is the tens digit of l?
3
Let q(t) be the third derivative of 1/8*t**4 + 7/6*t**3 - 2*t**2 + 0*t + 0. What is the tens digit of q(6)?
2
Suppose -2*l - 762 = 532. Let b = -375 - l. What is the units digit of b?
2
Suppose -3*a + 0 + 3 = 0. Let t be (8 - 5) + a*3. What is the units digit of (252/t)/((-6)/(-4))?
8
Suppose 2*v + 46 = -4*i, 3*v - 2*i + 47 = 10. Suppose 3 = 3*d + 5*n, -2*n + 1 = 3*d - 2. Let q = d - v. What is the units digit of q?
6
Suppose 4*f - 28 = 5*t, 3*t - 16 = 7*t. Suppose 0 = -f*o + 3*o - 67. What is the units digit of o?
7
Suppose -10*o + 41926 - 10566 = 0. What is the tens digit of o?
3
Let m be -19 + (2 + -7)/(-5). Let s = 27 - m. What is the tens digit of s?
4
Let d = -66 - -71. Suppose c + 5*x = 165, 5*c = 7*c - d*x - 270. What is the tens digit of c?
4
Suppose 8 + 4 = 2*p + 3*u, 5*p + 5*u - 35 = 0. What is the units digit of p?
9
Let v(g) = 5*g**2 + 13 - 12 + 0*g**3 - g**3 + 8*g. Let y be v(6). Let c = y - -3. What is the units digit of c?
6
Suppose -s - 2*f + 113 = 0, 5*s - 4*f + 0*f = 565. What is the hundreds digit of s?
1
Let i be (-3411)/(-21) + (-6)/14. Let g = 270 - i. What is the tens digit of g?
0
Let n(u) = -u**3 + 3*u**2 + 8*u - 9. Let y be n(4). What is the tens digit of 494/5 + -1*y/(-35)?
9
Let d(x) = 23*x**2 + 15. What is the hundreds digit of d(5)?
5
Let o be (42 - -1) + (-3)/(-1). Suppose o = -4*a - 2. What is the units digit of a/16 - 189/(-12)?
5
Suppose 0 = 2*i - 10*x + 5*x - 3706, 0 = 5*i + 4*x - 9298. What is the thousands digit of i?
1
Let x = -2178 - -4579. What is the thousands digit of x?
2
Suppose -4*f - 22 = 4*i - i, 2*f + 8 = 0. What is the units digit of 1/i + 195/10?
9
Suppose 32*k - 27*k - 40 = 0. Suppose k*w - 472 = 176. What is the tens digit of w?
8
Let x be (9/6)/(2/8). Suppose -460 = 2*f - x*f. What is the units digit of f?
5
Let h(j) = 98*j + 8. What is the units digit of h(4)?
0
Suppose 7*u - 2753 + 1003 = 0. What is the units digit of u?
0
Let h(t) = -36*t + 352. What is the hundreds digit of h(-32)?
5
Suppose -3*b + 6*b - 420 = -5*o, o + 3*b - 84 = 0. What is the units digit of o?
4
Let i be (-3 - -46)*-1 - 1. Let f be (i/(-16))/((-1)/(-4)). Suppose 3*r + 2*t = f + 2, 5*r - 3*t = 28. What is the units digit of r?
5
Suppose 26*w - 23*w + 3*f - 393 = 0, w - 116 = 2*f. What is the hundreds digit of w?
1
Suppose 3*y - 4*c = -17, 5*y + c = 4*c - 21. Let s(v) = -55*v + 3. Let z be s(y). Let d = z + -120. What is the tens digit of d?
4
What is the hundreds digit of (-5)/(50/(-24024)) + 8/(-20)?
4
Let l = 11 - 11. Suppose x - 2*x + 3 = l. What is the units digit of x?
3
Suppose 2*o - 2 - 2 = 0. Suppose -o*q = -6*q + 132. What is the tens digit of q?
3
Let h = 3 - -1. Suppose h*d = 22 - 6. Suppose d*b - 16 = 40. What is the units digit of b?
4
Suppose 5*y = -4*k - 50, -3*y - 4*k - 22 = -0*y. What is the units digit of (-2)/2 - (y - -8)?
5
Let m be (-14)/21 + -6*(-22)/9. Let v = m + -1. What is the tens digit of v?
1
Let w be 2/5 + (-92)/(-20). Suppose 1390 = w*v - 140. What is the tens digit of v?
0
Let q(u) = 2*u**3 - u**2 - 3*u + 26. What is the tens digit of q(13)?
1
Let t = -58 + 61. What is the tens digit of (t - 1)/((-8)/16) + 103?
9
Let i = -1 - -9. Let a be (i/12)/((-2)/(-501)). Suppose -a = -0*p - 4*p + 3*j, 4*p = -j + 163. What is the units digit of p?
1
Let q(c) = -c**3 + 4*c**2 + 2. Let n be q(4). Suppose -2*w + 4*w - 4*d = 38, 0 = 2*w - n*d - 44. What is the units digit of w?
5
Suppose -2*v + 28 = 4. Suppose g - v = -5*u + 367, 2*g + 78 = u. What is the tens digit of u?
7
Let o(q) = -q**3 + 17*q**2 - 2*q + 39. Let z be o(17). Suppose -r + z*u + 196 = 0, -2*u - 196 = -r + u. What is the hundreds digit of r?
1
Let w be (0 - -2)/(10/20). Suppose -28 = -x - x - y, 76 = 5*x + 4*y. Let i = w + x. What is the units digit of i?
6
Suppose 0*r = 2*c + 5*r - 164, -3*c - r + 233 = 0. What is the units digit of c?
7
Suppose 23798 - 1204 = 26*x. What is the hundreds digit of x?
8
Suppose 0 = 3*u - u - 4*i - 16, i + 3 = 0. Suppose 0 = u*p - 3*f - 86, 0 = -0*p - 4*p + 3*f + 178. What is the tens digit of p?
4
Suppose -17928 = 10*j - 22*j. What is the units digit of j?
4
Let f = -110 + 91. Let t = -9 - f. What is the tens digit of t?
1
Suppose -37662 = -22*s + 22376. What is the tens digit of s?
2
Suppose 4*b - 7*b = 0. Suppose b = -2*q + 5*q - 30. What is the units digit of q?
0
Suppose -k + 6*k - 450 = 0. Suppose -6*d - 4*d + 40 = 0. Suppose m + d = 4*l - k, -l + 3*m + 29 = 0. What is the tens digit of l?
2
Let l(h) = 32*h + 147. What is the units digit of l(11)?
9
Let v(j) = 43*j - 462. What is the units digit of v(12)?
4
Suppose -40 = d - 5*d. Suppose 3*x = x - 3*a + d, 2*a - 4 = 0. Suppose -x*f = -62 - 4. What is the tens digit of f?
3
Suppose 5*t - 1300 = 2*d, -7*t + 233 = -6*t + 5*d. What is the tens digit of t?
5
Let h be 10*1*(46 + -1). Suppose -i + 3*c + h = 4*i, 2*c + 450 = 5*i. What is the tens digit of i?
9
Suppose 2*x - 170 = 4*t, -60 = -x + 3*t + 21. Let d = -11 + 35. Suppose -3*n = d - x. What is the tens digit of n?
2
Suppose -t - 3*t + 8 = 0, -3*t + 10 = 2*s. Suppose 0*v + 76 = s*v. What is the tens digit of v?
3
Suppose -2*h + f = -1523, 3*f - 3835 = 10*h - 15*h. What is the tens digit of h?
6
Suppose 3*h = 4*j - 16, -j - h + 4*h = -4. Let u be 78/24 + (-1)/j. Suppose -y + t + 0*t = -40, 3*t - 144 = -u*y. What is the tens digit of y?
4
What is the units digit of (11 + 212)/(6/12)?
6
Suppose 3*r - 327 = 207. Suppose 5*m - 3*m - r = 0. What is the tens digit of m?
8
Let v(r) be the second derivative of -1/2*r**2 + 0 + 7*r + 2/3*r**3. What is the units digit of v(1)?
3
Let y = 296 + -199. Let v = -56 + y. What is the tens digit of v?
4
Suppose -5*k + 20 = 5*y, -3*k + 10 = 5*y - 3*y. Suppose -4*b - y*c = 3*c - 94, 5*b - 4*c = 97. What is the units digit of b?
1
Let s = -66 + 73. Suppose -240 = -s*w + 3*w. What is the units digit of w?
0
Let m(x) be the first derivative of -41*x**2 + x - 11. What is the units digit of m(-1)?
3
Suppose -4*d - 61 = 207. Let n = -7 - -121. Let b = n + d. What is the tens digit of b?
4
Suppose -5*c - 4*f = -6, -3*c + 12 = c + 5*f. Let r = c - -68. What is the tens digit of r?
6
Let m = 29 + -38. Let t = m - -12. Suppose 0 = -3*f + 3*l + 6, -t*f + 4*l + 1 + 0 = 0. What is the units digit of f?
7
Let l = 58 + -53. Suppose l*p - 2*v - 520 = 0, 2*v + 2*v = 20. What is the units digit of p?
6
Let y(m) = -5*m + 11*m**2 - 7 - 3*m**2 + 8*m. Let a(v) = 17*v**2 + 5*v - 15. Let c(s) = -3*a(s) + 7*y(s). What is the tens digit of c(3)?
5
Let o(f) = 72*f**2 - 5*f + 4. Suppose 6*m - 10 + 4 = 0. What is the tens digit of o(m)?
7
Let u = -3 - -5. Let z(h) = 3*h**2 - 2*h. Let f be z(2). Let j = f + u. What is the tens digit of j?
1
Suppose 4*l - 3*l - 78 = -3*d, -3*l = 5*d - 238. Suppose -2*p + l = -21. What is the tens digit of p?
5
What is the tens digit of 13960/3 - (-730)/(-219)?
5
Suppose 0 = 2*t + 5*c - 36, 3*t + c - 27 = 1. Suppose -t = r - 2*r. What is the units digit of r?
8
Let w(z) = -3*z**2 + 22*z + 17. Let y(i) = i**2 - 11*i - 9. Let j(b) = -2*w(b) - 5*y(b). Let s be j(-9). Let t = 15 + s. What is the units digit of t?
8
Suppose -6*i = -7*i + 262. What is the units digit of i?
2
Suppose 5*a + 3*r - 274 = 0, 38*a + 262 = 43*a - r. What is the units digit of a?
3
Let g(w) be the third derivative of -w**4/12 + 11*w**3/2 + 43*w**2. What is the tens digit of g(-6)?
4
Let w(k) = -k**2 - 9*k. Let j be w(-8). Suppose -c + j = c. Suppose g - c*s = -0*s + 31, 2*s + 80 = 2*g. What is the units digit of g?
3
Let c = 9 + -3. Suppose -5*k + 4 = -c. Suppose k*j = -2*s + 4, 5*j - 5 = 3*s - 3. What is the units digit of s?
1
Let b(c) be the third derivative of -7/60*c**5 + 1/2*c**3 + 0 + 0*c - 1/120*c**6 - 2*c**2 - 1/8*c**4. What is the tens digit of b(-7)?
2
Let n be (-19)/38 - -1*(-41)/(-2). What is the units digit of 177/15 - (-4)/n?
2
Let k = 7247 + -4468. What is the hundreds digit of 